2.
265
What is -1002122212 (base 3) in base 14?
-7c47
-7d (base 14) to base 12
-93
-719a (base 13) to base 9
-23446
-337 (base 13) to base 8
-1051
5313 (base 16) to base 6
242243
Convert 50da (base 16) to base 2.
101000011011010
Convert -1285 (base 15) to base 13.
-1a4b
What is -b05a (base 15) in base 6?
-444134
7e89 (base 15) to base 11
19239
What is -1131315 (base 6) in base 2?
-1110010100011111
What is 3227 (base 8) in base 4?
122113
1110010100100 (base 2) to base 11
5566
What is 152 (base 16) in base 9?
415
Convert -3663 (base 13) to base 15.
-2426
What is -30300 (base 11) in base 6?
-541010
What is 1200 (base 6) in base 5?
2123
What is 551 (base 9) in base 8?
703
What is 344040 (base 6) in base 14?
aa00
Convert -7c53 (base 15) to base 5.
-1321103
Convert -517 (base 9) to base 3.
-120121
What is -1024 (base 5) in base 6?
-351
What is 1331 (base 12) in base 16?
895
-3b81 (base 12) to base 13
-3181
1040 (base 15) to base 3
11201020
Convert 23867 (base 12) to base 15.
e2c7
Convert 221102 (base 3) to base 7.
2000
What is -2010121 (base 3) in base 14?
-7d1
30200 (base 5) to base 7
5420
Convert 80 (base 16) to base 14.
92
18358 (base 11) to base 14
952b
-11055 (base 6) to base 2
-11000001011
What is -1031314 (base 5) in base 16?
-452d
Convert 1001110110000011 (base 2) to base 13.
1547a
Convert -10121 (base 3) to base 4.
-1201
Convert -2001242 (base 5) to base 16.
-7ad7
-5a57 (base 11) to base 14
-2c63
Convert 2435 (base 11) to base 16.
c70
Convert -45a8 (base 11) to base 16.
-179f
Convert -10670 (base 8) to base 15.
-1526
Convert 4010 (base 5) to base 12.
361
Convert -505544 (base 6) to base 11.
-281a7
Convert 17c (base 14) to base 15.
156
12344 (base 9) to base 2
10000001101110
Convert 3e3 (base 15) to base 11.
738
Convert 41201 (base 8) to base 16.
4281
What is -1142 (base 8) in base 3?
-211121
Convert -201040 (base 5) to base 13.
-2bac
Convert -422 (base 5) to base 2.
-1110000
What is 1113 (base 10) in base 5?
13423
What is 131a (base 13) in base 6?
20343
-24106 (base 7) to base 2
-1100001010101
Convert 12101020 (base 3) to base 4.
331101
What is -1030140 (base 5) in base 2?
-100010010001001
What is -202201 (base 3) in base 6?
-2331
Convert b3b (base 15) to base 5.
40111
What is -274 (base 12) in base 16?
-178
What is 463 (base 8) in base 13?
1a8
What is 31021 (base 6) in base 3?
12122111
Convert 2222 (base 4) to base 13.
101
4ad9 (base 16) to base 3
222021200
Convert 22686 (base 9) to base 15.
4749
-261a (base 12) to base 11
-3298
What is 2b52 (base 15) in base 10?
9302
What is 1019 (base 15) in base 7?
12624
What is 7b7 (base 13) in base 4?
110311
What is -10066 (base 7) in base 5?
-34244
What is 1031433 (base 6) in base 11?
35296
What is -48 (base 16) in base 15?
-4c
What is -641 (base 8) in base 9?
-513
-1311004 (base 5) to base 13
-b951
What is 3243 (base 5) in base 12?
314
What is d1 (base 14) in base 13?
111
Convert 11532 (base 10) to base 15.
363c
-130033 (base 5) to base 7
-20426
What is 8332 (base 13) in base 3?
220212021
What is 195 (base 14) in base 7?
645
What is -10099 (base 14) in base 15?
-b651
What is -25225 (base 9) in base 3?
-212020212
-14413 (base 5) to base 15
-573
Convert -2935 (base 10) to base 16.
-b77
Convert -c0d (base 15) to base 8.
-5231
Convert -211100 (base 3) to base 11.
-4a9
Convert 42b (base 16) to base 15.
4b2
What is 605 (base 12) in base 2?
1101100101
Convert -3919 (base 12) to base 6.
-50033
What is -141 (base 13) in base 7?
-435
What is 3650 (base 7) in base 5?
20413
14027 (base 12) to base 9
41864
What is -2688 (base 13) in base 7?
-22044
What is -11310023 (base 4) in base 13?
-aac3
Convert 540241 (base 6) to base 13.
17140
-341 (base 12) to base 3
-122211
Convert -102412 (base 8) to base 9.
-51642
What is -51841 (base 9) in base 11?
-23789
Convert -10244 (base 5) to base 14.
-37d
What is -536 (base 12) in base 14?
-3c6
Convert 1136 (base 11) to base 8.
2723
What is -435 (base 6) in base 15?
-b2
Convert 1111100100 (base 2) to base 9.
1326
What is -32332120 (base 4) in base 16?
-ef98
2100111021 (base 3) to base 16
b4cd
-4559 (base 15) to base 11
-10062
5311 (base 6) to base 3
1122021
What is -1100101001010000 (base 2) in base 8?
-145120
-125 (base 12) to base 2
-10101101
-1000011000 (base 2) to base 7
-1364
Convert -112212002 (base 3) to base 9.
-15762
-5101 (base 10) to base 11
-3918
-102 (base 13) to base 8
-253
Convert -b9b8 (base 12) to base 15.
-60ce
Convert -2aa2 (base 11) to base 4.
-332100
What is -1118 (base 10) in base 13?
-680
1001111010 (base 2) to base 8
1172
Convert 1338 (base 11) to base 15.
7aa
What is 6e (base 16) in base 9?
132
Convert 20545 (base 9) to base 10.
13568
-526 (base 10) to base 4
-20032
What is 18823 (base 9) in base 7?
53040
Convert -26426 (base 7) to base 15.
-216b
Convert 1326 (base 7) to base 2.
111111110
35601 (base 8) to base 15
47a8
10 (base 12) to base 15
c
Convert -1212323 (base 6) to base 3.
-10020212120
Convert 235234 (base 6) to base 12.
bb1a
Convert -210020 (base 3) to base 9.
-706
146a (base 11) to base 9
2531
53111 (base 9) to base 10
35083
What is -43225 (base 10) in base 14?
-11a77
-110001111100111 (base 2) to base 8
-61747
Convert -1121201 (base 3) to base 9.
-1551
What is 125e9 (base 15) in base 10?
58719
What is 20923 (base 10) in base 3?
1001200221
6899 (base 15) to base 4
11122302
What is 8464 (base 9) in base 15?
1c94
What is -3373 (base 8) in base 5?
-24122
What is -2911 (base 10) in base 6?
-21251
Convert 3155 (base 7) to base 3.
1112102
What is 7809 (base 10) in base 15?
24a9
13b (base 16) to base 5
2230
-10576 (base 8) to base 13
-2066
300131 (base 4) to base 8
6035
-212012110 (base 3) to base 9
-25173
What is -2146 (base 15) in base 13?
-3288
-1314 (base 5) to base 9
-252
Convert -173 (base 15) to base 3.
-110100
-2222 (base 15) to base 6
-53252
What is -20414 (base 5) in base 14?
-6d1
124 (base 16) to base 8
444
1a89 (base 11) to base 7
10456
Convert -68e (base 15) to base 16.
-5cc
What is -14525 (base 15) in base 4?
-33330011
-3203 (base 11) to base 10
-4238
What is 2bc (base 14) in base 4?
20232
What is -2655 (base 7) in base 6?
-4420
-13779 (base 11) to base 16
-4c6f
What is -2560 (base 9) in base 14?
-9ad
-258e (base 15) to base 10
-8009
Convert -120220011 (base 3) to base 13.
-5374
What is -35a (base 11) in base 12?
-2b8
-13221 (base 5) to base 13
-638
Convert -686 (base 16) to base 14.
-874
Convert -22102120 (base 3) to base 8.
-14000
Convert -528b (base 14) to base 3.
-201112020
Convert -1235 (base 11) to base 3.
-2012200
Convert 149b (base 12) to base 4.
211313
What is c52 (base 15) in base 9?
3725
What is -4135 (base 14) in base 9?
-16345
1235 (base 7) to base 6
2055
Convert 834 (base 10) to base 8.
1502
What is -131002 (base 5) in base 8?
-12007
What is 3520 (base 8) in base 6?
12400
1897 (base 11) to base 10
2405
What is -11127 (base 9) in base 5?
-214041
Convert -ba (base 15) to base 6.
-451
Convert -2c6a (base 13) to base 4.
-1211232
ece (base 16) to base 7
14023
Convert -1202102211 (base 3) to base 10.
-34582
Convert -cbb (base 16) to base 15.
-e74
1101110 (base 2) to base 10
110
What is -452 (base 10) in base 8?
-704
Convert 1000011000110001 (base 2) to base 15.
a2a3
What is 222a (base 12) in base 14?
153c
-112022221 (base 3) to base 16
-28cf
Convert 34423 (base 5) to base 14.
c9a
What is 3687 (base 9) in base 16?
ac0
What is 963 (base 12) in base 9?
1783
-100 (base 14) to base 15
-d1
-17235 (base 9) to base 16
-2e52
ef (base 16) to base 2
11101111
695 (base 11) to base 15
3a5
What is -986f (base 16) in base 14?
-10315
Convert -938 (base 11) to base 8.
-2152
Convert -465 (base 13) to base 15.
-359
-1111101000 (base 2) to base 6
-4344
aa97 (base 11) to base 13
6871
Convert -11101111101101 (base 2) to base 11.
-10587
What is -6877 (base 11) in base 3?
-110101202
Convert -22132 (base 6) to base 2.
-110000001000
Convert -3cd (base 15) to base 4.
-31210
What is 112121211 (base 3) in base 16?
29a4
-224 (base 5) to base 4
-1000
What is 182a (base 12) in base 11?
220a
Convert 453 (base 8) to base 3.
102002
Convert -112111 (base 4) to base 2.
-10110010101
-101124 (base 6) to base 11
-6053
Convert -43a74 (base 11) to base 10.
-63848
-10000101100 (base 2) to base 11
-891
What is 1001011101101 (base 2) in base 9?
6573
Convert 23315 (base